3 - 2*u**2 + 5*u + 201. What are the prime factors of x(h)?
3, 67
Let p(s) = 35*s**2 - 10*s + 2. Let k(j) = -71*j**2 + 19*j - 3. Let v(b) = 6*k(b) + 13*p(b). What are the prime factors of v(-5)?
3, 271
Let r(j) = -4 + 18 + 35*j - j**2 - 38*j + 4*j**2. Let z be r(7). Suppose -6*y + z = -106. List the prime factors of y.
41
Suppose 0 = -4*l + 10*q - 6*q + 28, 5*l + 3*q + 5 = 0. Suppose -2*k - 4 = 12. What are the prime factors of 99 + k/(-6) + l/(-6)?
2, 5
Suppose 0 = b - 2*w - 81911, -2208*b + 163795 = -2206*b + 5*w. What are the prime factors of b?
5, 16381
Let t be (6 - 116/18)*-9. Let g(h) = 26*h**2 + 3*h + 10. What are the prime factors of g(t)?
2, 3, 73
Suppose -4*n + 30 + 30 = 0. Suppose 6*y - 2*y - 22 = t, -n = -5*y. List the prime factors of 1 - (9 + t)/(1/79).
2, 5
Let t = 377 + -964. Let k = t - -948. List the prime factors of k.
19
Let g be (-74)/6*(-16 + 25). Let h = 335 + g. Suppose h = 4*n - k + 3*k, -n + 5*k = -78. List the prime factors of n.
2, 29
Suppose 6*w - 25738 = 15884. What are the prime factors of w?
7, 991
Let g(a) = -152*a**3 - 8*a**2 + 2*a + 67. What are the prime factors of g(-5)?
109, 173
Suppose 0 = -4*r + z - 24, -z + 27 = -5*r - 3. Let l = 97 - r. What are the prime factors of l?
103
Let a be 2331 + (0 - 3) + -2. Suppose 0 = -m + 2*m - a. Suppose 11*l = 754 + m. List the prime factors of l.
2, 5, 7
Suppose -4*w - 2*i + 2722 = 0, 27*w - 5*i = 24*w + 2022. What are the prime factors of w?
7, 97
Suppose 13110 = -9*b + 37770. What are the prime factors of ((-2)/2)/((-2745)/b + 1)?
2, 137
Suppose -4*k + 27 = 5*b, 5*k - 3 = 4*b - 0*k. Suppose -b*o = -903 - 1779. What are the prime factors of o?
2, 3, 149
Let t(m) = 8*m - 37. Let s be t(4). What are the prime factors of (-162)/(-2) - ((-20)/s - 3)?
2, 5
Suppose 4 = -2*a, 2*j + 2*a = a + 2. Suppose -q + y = -4*y + 21, 17 = -j*q + 5*y. Suppose q*f = 37 + 215. What are the prime factors of f?
3, 7
Let r be 0 + -1 - (19 + -2). Let x = r - -18. Suppose -4*f + 2*j + 26 = x, -4*f + 54 = 2*j + 16. What are the prime factors of f?
2
Let k(v) = v**3 - 2*v**2 - 3*v + 5. Let u = -53 + 53. Let z be k(u). Suppose z*f - 486 - 294 = 0. What are the prime factors of f?
2, 3, 13
Suppose -60 = -15*w + 11*w. Let i = w - -294. List the prime factors of i.
3, 103
Let u be 4/(-18) + (-176)/99. Let g be (u/4)/((-18)/108). Suppose i + 194 = 3*m, 41 = 2*m - g*i - 100. What are the prime factors of m?
3, 7
Let d be ((-72)/(-2))/6 - 2. What are the prime factors of 2/(-4) + (0 - (-3290)/d)?
2, 3, 137
Let n = -32482 - -53752. What are the prime factors of n?
2, 3, 5, 709
Let i be (-2 - 6/3)*(2 + -3). Suppose -3*r + i*r + 6 = 0. What are the prime factors of 2 - ((-22)/r - 2)*-69?
3, 13
Suppose 4*x - 33 = -5*u, -3*x = 5*u - 9*u + 45. Let q(p) = 10*p - 17. What are the prime factors of q(u)?
73
Suppose -5*u - 4*j + 4541 = 0, -2*u = 2*j - 1210 - 606. Suppose 7*y - 2577 - u = 0. What are the prime factors of y?
2, 3, 83
Suppose -3*x + h = -4180, 0 = -x + 11*h - 9*h + 1390. Let v = -222 + x. List the prime factors of v.
2, 293
Suppose -9*l + 20518 = -7*l - 2*o, 5*o = -2*l + 20546. Suppose 40*u - 13737 = l. What are the prime factors of u?
2, 3, 5
List the prime factors of -4 - -57497 - (2 - 10).
3, 6389
Let k be 0 + 13/(-4) + 36/144. List the prime factors of -561*(-42)/18 + k.
2, 653
Let v = -683 - -4030. List the prime factors of v.
3347
Let m(s) be the third derivative of 0 + 13/6*s**3 + 1/120*s**6 + 0*s + 7/8*s**4 - 17/60*s**5 - 33*s**2. List the prime factors of m(16).
3, 31
Let h = 690 - 995. Let k = 577 + h. List the prime factors of k.
2, 17
Let s(v) = -46*v - 82*v + 25*v. Let t = -316 + 315. List the prime factors of s(t).
103
Let j be (-42)/(-4)*(-52)/39. List the prime factors of 98*(-21)/j*3.
3, 7
Let t = -1053 - -1540. Suppose 0 = -11*i + 12*i - t. List the prime factors of i.
487
Suppose 2*h - 5*j - 6361 = 0, -4*h = 34*j - 37*j - 12771. List the prime factors of h.
2, 3, 13, 41
Suppose -4*w - 4*x = -64624, 3*w - 48476 = 345*x - 347*x. List the prime factors of w.
2, 3, 449
Suppose 0*t - 5*t + k = 4, -4*k + 16 = 0. Let l(s) = -s**3 - s + 1. Let j be l(t). What are the prime factors of (-427)/(-14)*(j - (-2 - -1))?
61
Let j = 346 + -74. Let b be j/64 + 1/(-4). List the prime factors of (-2408)/(-63) + b/(-18).
2, 19
Let d(k) = -5*k**2 - 34*k + 26. Let r be d(-16). Let w = -251 - r. List the prime factors of w.
3, 17
Let g = 38937 + -26934. What are the prime factors of g?
3, 4001
Let z(y) = 7*y**2 + 23*y - 14. Let n be z(-13). Suppose 5*t + 3*j = n, -j - 364 = -2*t + j. What are the prime factors of t?
3, 59
Let k(r) = -4*r**2 - 31*r + 74. Let g(y) = -4*y**2 - 30*y + 75. Let p(n) = -6*g(n) + 5*k(n). What are the prime factors of p(15)?
5, 239
Suppose 0 = -3*v - 4*w + 1 + 3, 2*w + 4 = 0. Suppose 1647 = v*l + 627. Suppose 0 = 5*p - 10*p + l. What are the prime factors of p?
3, 17
Suppose -4*n - 2367 + 55278 + 100133 = 0. What are the prime factors of n?
38261
List the prime factors of -3*(-5 + 2654)*(-4)/6.
2, 3, 883
Let i = -270 - -231. Let c(n) = -n**3 - 38*n**2 + 33*n - 3. List the prime factors of c(i).
3, 7, 11
Suppose 6 = -d + 31. Let o be ((-30)/d)/(6/(-15)). Suppose -207 = -o*h + q, 0*q = h - 3*q - 77. What are the prime factors of h?
2, 17
Let v(w) = 5*w**2 + 4*w - 4. Let h be v(3). Let f = h - -222. Suppose -4*y + 4*d = -1084, 0 = -3*y - 3*d + f + 508. List the prime factors of y.
2, 7, 19
Suppose 4*m - 5190 + 98 = 0. Let y = m - 737. Suppose 0 = -0*j - 4*j + y. List the prime factors of j.
2, 67
Suppose 30*k - 84470 = 20*k. What are the prime factors of k?
8447
Suppose -3*w = -5*l - 6 - 57, -3*w = -4*l - 66. Let d(x) = 5*x**2 + 3*x + 7. Let v be d(8). List the prime factors of w/(-182) - v/(-7).
2, 5
Suppose 0 = 5*f - 2 - 3, -5*s = 3*f - 1528. Let n = s + -200. List the prime factors of (-252)/n*50/(-3).
2, 5
Let f = -5226 - -7974. Let p be f/(-20) - 2/(-5). Let n = p - -226. List the prime factors of n.
89
Let j be (3 - -1) + (4 - 6). Suppose -7*l + 2*l = 4*c - 137, -j*l + 2*c + 44 = 0. Suppose l*u = 8*u + 901. List the prime factors of u.
53
Let q(g) = -19*g**2 + 8*g - 2. Let b(c) = -55*c**2 + 23*c - 6. Let m(t) = 2*b(t) - 7*q(t). List the prime factors of m(3).
179
Suppose 0 = 171*o - 40*o + 72*o - 3899021. What are the prime factors of o?
19207
Suppose -8*m + 8 = -16. Suppose m*f = -5*r - 11, -5*f - 20 = r + 13. Let n(i) = 4*i**2 + 11*i + 13. List the prime factors of n(f).
2, 3, 11
Suppose -5*l + 33 = 2*x, -18 = -2*x - 0*x - 2*l. Suppose 104 = 5*c - x*v, 156 = 5*c + 3*v + 24. List the prime factors of 2*-1*(-684)/c.
3, 19
Suppose -72276 = 312*v - 331*v. List the prime factors of v.
2, 3, 317
Suppose 0 = -4*n - w + 18902, -2*n + 48*w + 9444 = 52*w. What are the prime factors of n?
2, 17, 139
Let d(n) = 40*n**3 - 206*n**3 + 7 + 76*n**3 + 5*n**2 + 4*n - 2. List the prime factors of d(-2).
11, 67
Let w be -6*(0 + 4/(-8)). Suppose -135 = w*z - 6*z. Let s = 71 + z. List the prime factors of s.
2, 29
Suppose -36 = -5*o - 46. List the prime factors of 703 + (o + 6)*-1.
3, 233
Suppose 5*z = -5*o + 98120, 3*z - 58870 = o - 6*o. List the prime factors of z.
5, 157
Let x(d) = d**3 - 19*d**2 - 20*d + 6. Let f be x(20). Let b be (532/21)/(4/f). Let v = b - 35. What are the prime factors of v?
3
Let t(h) = -38*h - 1. Suppose -z = l + 11, z - 4*l + 13 = -3*l. Let u be t(z). Suppose 357 = 14*i - u. List the prime factors of i.
2, 29
Suppose 2*h - 4*x - 109446 = 0, 17*h = 12*h - x + 273549. List the prime factors of h.
3, 6079
Let b = -5457 + 12963. What are the prime factors of b?
2, 3, 139
Suppose 74*k = 72*k - 2. Let d(i) = -i + 1. Let u(p) = 17*p - 7. Let o(g) = k*d(g) - u(g). List the prime factors of o(-4).
2, 5, 7
Let t(r) = -7*r + 29. Let d be t(-7). Let y be (-1)/(-1)*d/13. Suppose -y*c = -0*c - 102. List the prime factors of c.
17
Suppose -4*c = -c - 12. What are the prime factors of 52*(-2 + (c - -2))?
2, 13
Suppose 0*i + 35 = 4*i + 3*u, -u = 2*i - 15. Suppose i*q + 21 = 1. What are the prime factors of 88 + 3 + 5 + q?
2, 23
Suppose 62*w - 60*w + t = 14432, 0 = 4*t + 8. List the prime factors of w.
7, 1031
Let u(x) = 12*x**3 - 41*x**2 + 57*x - 8. What are the prime factors of u(10)?
2, 4231
Let d be (-40)/8 + -5 + -570. What are the prime factors of 716 + 4/(-5) + d/(-100)?
7, 1